44. What is the remainder when v is divided by l?
11
Let d = 11 - -7. What is the remainder when d is divided by 5?
3
Let x(l) = -10*l + 1. Let t = -15 + 44. Let z = t - 13. Calculate the remainder when x(-6) is divided by z.
13
Let b = -15 - 1. Calculate the remainder when (-604)/b + (-1)/(-4) is divided by 20.
18
Let c = 3 - 3. Let m be -1 + 43 + 0 + c. Suppose -2*n + m = n. Calculate the remainder when 26 is divided by n.
12
Suppose j + 10 = 2*g + 2*g, 0 = -2*g - j + 2. Calculate the remainder when g*18 - (-1 + -1) is divided by (-4)/(-6) - 37/(-3).
12
Let i = 0 - -2. Suppose -5*d + f + f + 4 = 0, 3*d + i*f = -4. Suppose d = -3*y + 12 - 0. What is the remainder when 7 is divided by y?
3
Let o(t) = t**2 - 12*t + 5. Let v be o(12). Suppose v*f + 5*i = 180, 2*f - 3*f + 3*i + 40 = 0. What is the remainder when f is divided by 10?
7
Suppose y - 136 = -4*j, -2*y + 173 = 2*j + 3*j. Let s = 9 + 9. What is the remainder when j is divided by s?
15
Let a(x) = x**3 - 4*x**2 - 10*x - 18. What is the remainder when a(8) is divided by 23?
20
Let u = -1 - 17. Let b be u/4*6/3. What is the remainder when 43 is divided by ((-3)/b)/(1/45)?
13
Suppose 5*k = -0*k + 3*w + 4, 0 = -2*k + 2*w. Let h be 3 + (-1)/3*-3. Let o(i) = i**2 - 2*i - 5. Calculate the remainder when o(h) is divided by k.
1
Let c = -10 + 12. Suppose c*u = 3*v - u + 3, -u + 21 = 4*v. What is the remainder when v is divided by 3?
1
Let q(s) = -5*s + 61. Calculate the remainder when q(-5) is divided by 30.
26
Let x = 66 + -42. What is the remainder when 93 is divided by x?
21
Let q(d) = -d**2 + 7*d - 7. Let r be q(5). Let m = 7 - r. Calculate the remainder when (-14)/(-2) + 1 - -2 is divided by m.
2
Suppose -4*v - 4*v + 296 = 0. Calculate the remainder when v is divided by 19.
18
Let m = -16 + 34. Suppose -m - 6 = -2*x. Let q(z) = z + 29. What is the remainder when q(5) is divided by x?
10
What is the remainder when 62 is divided by 16/(-3)*(2 + 4)/(-1)?
30
Suppose 3*l = 2*l + 13. Let t(b) = b**2 - 3*b + 3. What is the remainder when l is divided by t(4)?
6
Suppose 7*w + 5*m - 40 = 3*w, 0 = -5*w - 4*m + 50. What is the remainder when 76 is divided by w?
6
Let f = -2 + 8. Let c = 3 + f. Calculate the remainder when 25 is divided by c.
7
Let v(n) = -n**3 - n**2 + 2*n - 4. Let x(d) = 3*d**3 - d**2 + 1. Calculate the remainder when v(-3) is divided by x(1).
2
Let u = 40 + -18. Let o = -2 + 14. What is the remainder when u is divided by o?
10
Let n(f) = -f**3 + 6*f**2 + 4*f + 2. Let w be n(4). Let h = w - 18. What is the remainder when h is divided by 9?
5
Suppose -6*z = -3*z - 45. Calculate the remainder when z is divided by 6.
3
Let r(a) = a**2 + 7*a + 2. Let y be r(-7). Suppose 0 = -y*g + 13 + 17. Let v = 24 - g. Calculate the remainder when 16 is divided by v.
7
Let z(b) = 4*b + 17. What is the remainder when z(11) is divided by 23?
15
Suppose -2*m = -4*v + 18, -3*v + 2*v = -3*m - 7. Suppose -3*o - v*z + 4 = 0, 4*o - 33 = -z - 6. What is the remainder when o is divided by 5?
3
Let i(b) = -23*b + 4. What is the remainder when i(-3) is divided by 25?
23
Suppose -x + 8 = -9. Calculate the remainder when 33 is divided by x.
16
Let s = -19 - -23. Calculate the remainder when 2/8 - (-69)/12 is divided by s.
2
Suppose -7*n + 10 = -2*n. Suppose 9 = -4*o - t, -t + 9 = -5*o - 0*o. Calculate the remainder when o/4 + 57/n is divided by 10.
8
Suppose 4*s - 13 = -5*i + 18, -5*s = 2*i - 26. Suppose 0 = 5*p - 36 - 19. Suppose 2 = -k + p. Calculate the remainder when k is divided by i.
0
Let t(b) = b**3 + 8*b**2 + 7*b + 13. What is the remainder when t(-6) is divided by 16?
11
Let j = 7 + 7. Let h(k) = -2*k**2 + 2*k + 2. Let f be h(2). Let z(l) = -2*l + 1. What is the remainder when j is divided by z(f)?
4
Suppose 14 - 6 = 2*v. What is the remainder when 14 is divided by v?
2
Let o(c) = -c + 5. Let i be o(0). Suppose i*h - h + x = 45, 0 = -3*h + 3*x + 30. Calculate the remainder when h is divided by (3/1)/((-3)/(-4)).
3
Let x(r) = r**3 + 6*r**2 - 10*r - 2. What is the remainder when 35 is divided by x(-7)?
16
Suppose 0 = 5*w, -w = -h - 2*w + 2. Suppose 3*a = -5*d + 109, 3*d = -4*a + h*a + 73. What is the remainder when a is divided by 13?
12
Let u(q) = q + 7. Let b be u(-6). Suppose 3*o = b + 8. Suppose 35 = o*p - 2*k, 2*p + 2*k = -3*k + 36. Calculate the remainder when p is divided by 5.
3
Suppose -q + 6*q - 70 = 0. What is the remainder when 41 is divided by q?
13
Suppose 5*s = 11 + 9. Suppose -12 = l - 5*m, 3*l - 3*m - 2*m = s. What is the remainder when 30 is divided by l?
6
Suppose -4*b + 6 = -5*u, 3*u + b = 6*u - 2. Let s(j) = 5*j - 6. Let m be s(4). Suppose -a + m = a. What is the remainder when a is divided by u?
1
Let o(a) = -a**2 - 8*a - 4. What is the remainder when 20 is divided by o(-6)?
4
Suppose 4*b + 28 = 136. Calculate the remainder when b is divided by 15.
12
Let r = 171 - 162. Let w(p) = p**2 - 3*p - 4. What is the remainder when w(6) is divided by r?
5
Let n(g) = -4*g**2 - 20*g - 2. Calculate the remainder when 26 is divided by n(-4).
12
Let w(a) = -a**2 + 4*a - 3. Let j be w(3). Let p(u) = -u + 6. What is the remainder when 23 is divided by p(j)?
5
Suppose 4*n = -y - 60, -5*n + y = 38 + 37. Let t = n - -23. Calculate the remainder when 22 is divided by t.
6
Suppose 4*q - 42 = -3*b, -b + 3*q = 2*b - 21. Calculate the remainder when 27 is divided by b.
7
Let q be (-2 - -5) + 2/2. Suppose -81 + 33 = -q*l. What is the remainder when 31 is divided by 1/(-4) + 195/l?
15
Suppose -2*q = -3*d + 7 + 7, -2*d + 5*q = -13. Suppose d = -3*o + 46. What is the remainder when 25 is divided by o?
11
Let j = -12 - -25. Suppose j*h - 15*h = -12. Calculate the remainder when 28 is divided by h.
4
Let z(l) = l**2 + 5*l + 1. Let w(t) = -t**3 + 6*t**2 + 5*t + 9. Let v be w(7). What is the remainder when 3 is divided by z(v)?
0
Let u(f) = f**3 - f + 19. Calculate the remainder when 73 is divided by u(0).
16
Suppose 2*k = 4*d - 56 + 284, -333 = -3*k + 3*d. Let i = k + -57. What is the remainder when i is divided by 18?
15
Let j be 6/(-4)*6/(-3). Suppose 4*k - 49 = j*m, -2*m + m = -5*k + 53. What is the remainder when 20 is divided by (2*k - -2)/2?
9
Calculate the remainder when 116 is divided by 199/5 - (-7)/(70/(-8)).
38
Suppose 6*u + 120 = 10*u. Calculate the remainder when 58 is divided by u.
28
Let n be (1 + -2)/((-3)/66). Let l = n - 16. Calculate the remainder when l is divided by 2.
0
Let a(g) = g**3 - 7*g**2 - 10*g + 6. Let m be a(8). Let n be 4/m - (-88)/20. Suppose n = 3*q + q. What is the remainder when 1 is divided by q?
0
Let j(f) = f**3 + 11*f**2 + 8*f + 12. Calculate the remainder when j(-9) is divided by 15.
12
Let w(k) = -5*k**2 + 36*k - 1. What is the remainder when w(7) is divided by 2?
0
Let w = -19 + 39. Suppose 0*t = -t + 7. Calculate the remainder when (3*-1)/(-3)*w is divided by t.
6
Let m(a) = -a**3 + 8*a**2 - 5*a + 6. Let b(k) = -k**3 - 2*k**2 + 5*k - 1. What is the remainder when m(7) is divided by b(-4)?
9
Let s(i) = -12*i + 2. Let a(c) = 61*c - 10. Let b(y) = -2*a(y) - 11*s(y). Let m be b(5). Suppose -m = -q - 2*q. What is the remainder when 30 is divided by q?
14
Suppose 5*f = -15, -4*y - 5*f - 110 = -9*y. What is the remainder when 32 is divided by y?
13
Let d = -6 + 35. Suppose 0 = x - 5*u - d, -3*x = -8*x - u + 67. Let l = -2 + x. What is the remainder when 21 is divided by l?
9
Suppose 5*f + 15 = 7*t - 2*t, 5*f = 2*t - 6. What is the remainder when 7 is divided by t?
1
Calculate the remainder when 1/7 + 1320/21 is divided by 22.
19
Calculate the remainder when 31 is divided by -33*-3*(-3)/(-27).
9
Let t(j) = -j**3 + 5*j**2 - j + 7. Let o be t(5). Suppose o*m - 12 = -m. Let p = -17 + 23. Calculate the remainder when p is divided by m.
2
Suppose -4*w = -7*w + 27. Suppose 4*y + 4*n = 68, 2*y - 4*n - 13 - w = 0. What is the remainder when y is divided by (1*-1)/(3/(-27))?
6
Suppose 2*v - 8 = 28. Suppose -b = -0*b + 21. Let s = 31 + b. Calculate the remainder when v is divided by s.
8
Let r = 57 + 14. What is the remainder when r is divided by 24?
23
Let j(c) = -2*c + 16. Calculate the remainder when -2 - 4*-4*1 is divided by j(4).
6
Suppose -h - 10 = -c - 3*h, c + 5*h = 19. Suppose -2*a = k - 38, -c*k - 13 = -3*a + 22. Let y = -8 + 58. What is the remainder when y is divided by a?
16
